{"id":1601,"date":"2023-08-10T18:49:17","date_gmt":"2023-08-10T19:49:17","guid":{"rendered":"https:\/\/chruscielowisko.dzwiek.org\/?page_id=1601"},"modified":"2026-04-07T20:32:27","modified_gmt":"2026-04-07T18:32:27","slug":"zabytki","status":"publish","type":"page","link":"https:\/\/chruscielowisko.org\/?page_id=1601","title":{"rendered":"kultura materialna"},"content":{"rendered":"<p>W tym dziale zabytki wa\u017cne dla Dziadoszan opisuj\u0119.<\/p>\n<ul>\n<li><a href=\"https:\/\/chruscielowisko.org\/?page_id=91\">str\u00f3j i bi\u017cuteria<\/a>\n<ul>\n<li><a href=\"https:\/\/chruscielowisko.org\/?page_id=40\">hetki ko\u015bciane<\/a><\/li>\n<li><a href=\"https:\/\/chruscielowisko.org\/?page_id=721\">paciorki szklane z Chobieni<\/a><\/li>\n<li><a href=\"https:\/\/chruscielowisko.org\/?page_id=682\">paciorki szklane z Gostynia<\/a><\/li>\n<li><a href=\"https:\/\/chruscielowisko.org\/?page_id=3224\">paciorki szklane z Obiszowa<\/a><\/li>\n<li><a href=\"https:\/\/chruscielowisko.org\/?page_id=779\">paciorki szklane z Grod\u017aca Ma\u0142ego<\/a><\/li>\n<li><a href=\"https:\/\/chruscielowisko.org\/?page_id=453\">podwi\u0105zki z przewleczk\u0105 z Obiszowa<\/a><\/li>\n<li><a href=\"https:\/\/chruscielowisko.org\/?page_id=4686\">szpila S-kszta\u0142tna z \u017bukowic<\/a><\/li>\n<\/ul>\n<\/li>\n<li><a href=\"https:\/\/chruscielowisko.org\/?page_id=3920\">przedmioty osobiste i u\u017cytkowe<\/a>\n<ul>\n<li><a href=\"https:\/\/chruscielowisko.org\/?page_id=637\">dirhemy z Obiszowa<\/a><\/li>\n<li><a href=\"https:\/\/chruscielowisko.org\/?page_id=1025\">grzebie\u0144 z Obiszowa<\/a><\/li>\n<li><a href=\"https:\/\/chruscielowisko.org\/?page_id=949\">grzywny grotopodobne<\/a><\/li>\n<li><a href=\"https:\/\/chruscielowisko.org\/?page_id=1418\">misy tzw. typu \u015bl\u0105skiego<\/a><\/li>\n<li><a href=\"https:\/\/chruscielowisko.org\/?page_id=794\">no\u017ce wolutowe<\/a><\/li>\n<li><a href=\"https:\/\/chruscielowisko.org\/?page_id=1387\">n\u00f3\u017c z Obiszowa<\/a><\/li>\n<li><a href=\"https:\/\/chruscielowisko.org\/?page_id=391\">n\u00f3\u017c z oprawk\u0105 z \u017bukowic<\/a><\/li>\n<li><a href=\"https:\/\/chruscielowisko.org\/?page_id=1784\">ose\u0142ki importowane ze Skandynawii<\/a><\/li>\n<li><a href=\"https:\/\/chruscielowisko.org\/?page_id=1918\">ose\u0142ki z Jeg\u0142owej<\/a><\/li>\n<\/ul>\n<\/li>\n<li><a href=\"https:\/\/chruscielowisko.org\/?page_id=3922\">wytw\u00f3rczo\u015b\u0107 tekstylna<\/a>\n<ul>\n<li><a href=\"https:\/\/chruscielowisko.org\/?page_id=2261\">igielnik (?) z \u017bukowic<\/a><\/li>\n<li><a href=\"https:\/\/chruscielowisko.org\/?page_id=105\">prz\u0119\u015bliki z \u017bukowic ko\u0142o G\u0142ogowa<\/a><\/li>\n<li><a href=\"https:\/\/chruscielowisko.org\/?page_id=180\">szpula z \u017bukowic ko\u0142o G\u0142ogowa<\/a><\/li>\n<li><a href=\"https:\/\/chruscielowisko.org\/?page_id=223\">wrzeciona z G\u0142ogowa<\/a><\/li>\n<\/ul>\n<\/li>\n<li><a href=\"https:\/\/chruscielowisko.org\/?page_id=3136\">garncarstwo<\/a>\n<ul>\n<li><a href=\"https:\/\/chruscielowisko.org\/?page_id=3214\">dalkowsko-obrza\u0144ska rodzina typ\u00f3w<\/a><\/li>\n<li><a href=\"https:\/\/chruscielowisko.org\/?page_id=2255\">garnki wczesne<\/a><\/li>\n<li><a href=\"https:\/\/chruscielowisko.org\/?page_id=3219\">Menkendorf<\/a><\/li>\n<li><a href=\"https:\/\/chruscielowisko.org\/?page_id=59\">najmniejsze naczynia z \u017bukowic<\/a><\/li>\n<li><a href=\"https:\/\/chruscielowisko.org\/?page_id=174\">piec z Kremitz<\/a><\/li>\n<li><a href=\"https:\/\/chruscielowisko.org\/?page_id=1291\">puchary<\/a><\/li>\n<li><a href=\"https:\/\/chruscielowisko.org\/?page_id=3217\">Solniki-Lipowiec<\/a><\/li>\n<li><a href=\"https:\/\/chruscielowisko.org\/?page_id=3221\">talerze<\/a><\/li>\n<li><a href=\"https:\/\/chruscielowisko.org\/?page_id=194\">talerz z \u017bukowic<\/a><\/li>\n<li><a href=\"https:\/\/chruscielowisko.org\/?page_id=3216\">Tornow<\/a><\/li>\n<\/ul>\n<\/li>\n<\/ul>\n","protected":false},"excerpt":{"rendered":"<p>W tym dziale zabytki wa\u017cne dla Dziadoszan opisuj\u0119. str\u00f3j i bi\u017cuteria hetki ko\u015bciane paciorki szklane z Chobieni paciorki szklane z Gostynia paciorki szklane z Obiszowa paciorki szklane z Grod\u017aca Ma\u0142ego podwi\u0105zki z przewleczk\u0105 z Obiszowa szpila S-kszta\u0142tna z \u017bukowic przedmioty osobiste i u\u017cytkowe dirhemy z Obiszowa grzebie\u0144 z Obiszowa grzywny grotopodobne misy tzw. typu \u015bl\u0105skiego&#8230;<\/p>\n","protected":false},"author":1,"featured_media":0,"parent":0,"menu_order":0,"comment_status":"open","ping_status":"closed","template":"","meta":{"footnotes":""},"class_list":["post-1601","page","type-page","status-publish","hentry"],"_links":{"self":[{"href":"https:\/\/chruscielowisko.org\/index.php?rest_route=\/wp\/v2\/pages\/1601","targetHints":{"allow":["GET"]}}],"collection":[{"href":"https:\/\/chruscielowisko.org\/index.php?rest_route=\/wp\/v2\/pages"}],"about":[{"href":"https:\/\/chruscielowisko.org\/index.php?rest_route=\/wp\/v2\/types\/page"}],"author":[{"embeddable":true,"href":"https:\/\/chruscielowisko.org\/index.php?rest_route=\/wp\/v2\/users\/1"}],"replies":[{"embeddable":true,"href":"https:\/\/chruscielowisko.org\/index.php?rest_route=%2Fwp%2Fv2%2Fcomments&post=1601"}],"version-history":[{"count":10,"href":"https:\/\/chruscielowisko.org\/index.php?rest_route=\/wp\/v2\/pages\/1601\/revisions"}],"predecessor-version":[{"id":5146,"href":"https:\/\/chruscielowisko.org\/index.php?rest_route=\/wp\/v2\/pages\/1601\/revisions\/5146"}],"wp:attachment":[{"href":"https:\/\/chruscielowisko.org\/index.php?rest_route=%2Fwp%2Fv2%2Fmedia&parent=1601"}],"curies":[{"name":"wp","href":"https:\/\/api.w.org\/{rel}","templated":true}]}}